ase 10.
-23
What is 22 (base 9) in base 5?
40
Convert -aa (base 15) to base 6.
-424
64 (base 15) to base 8
136
-16 (base 7) to base 14
-d
What is 32 (base 15) in base 3?
1202
What is -41 (base 5) in base 4?
-111
Convert -3 (base 11) to base 16.
-3
0 (base 12) to base 5
0
What is c9 (base 14) in base 12?
129
-2d (base 15) to base 11
-3a
-15 (base 9) to base 2
-1110
1 (base 5) to base 8
1
54 (base 6) to base 9
37
Convert 0 (base 9) to base 6.
0
Convert 5 (base 12) to base 2.
101
8 (base 16) to base 11
8
What is -33 (base 8) in base 15?
-1c
Convert -21 (base 5) to base 4.
-23
What is -28 (base 13) in base 9?
-37
-21 (base 15) to base 8
-37
What is 200 (base 3) in base 6?
30
-c (base 15) to base 8
-14
What is 0 (base 13) in base 8?
0
-102 (base 3) to base 13
-b
What is 103 (base 9) in base 16?
54
Convert 0 (base 8) to base 3.
0
What is -135 (base 8) in base 2?
-1011101
-5 (base 6) to base 8
-5
-2 (base 6) to base 13
-2
-3 (base 13) to base 8
-3
What is 8 (base 15) in base 10?
8
Convert -141 (base 5) to base 8.
-56
5 (base 13) to base 9
5
What is 10 (base 2) in base 11?
2
-4 (base 5) to base 9
-4
-1 (base 4) to base 14
-1
What is -34 (base 5) in base 13?
-16
115 (base 10) to base 16
73
Convert -2b (base 13) to base 14.
-29
Convert a5 (base 14) to base 7.
265
What is -6 (base 10) in base 11?
-6
Convert 174 (base 12) to base 6.
1024
-2 (base 15) to base 7
-2
What is 3 (base 13) in base 11?
3
57 (base 9) to base 8
64
b (base 12) to base 8
13
100 (base 3) to base 6
13
What is 4 (base 6) in base 7?
4
What is -10111 (base 2) in base 5?
-43
What is -44 (base 5) in base 15?
-19
What is -b (base 13) in base 12?
-b
What is 50 (base 13) in base 10?
65
-1c6 (base 14) to base 13
-226
140 (base 10) to base 15
95
What is 11 (base 6) in base 4?
13
Convert -b (base 16) to base 3.
-102
13 (base 5) to base 14
8
Convert -b (base 13) to base 8.
-13
What is -10 (base 2) in base 15?
-2
-11 (base 2) to base 13
-3
Convert -3 (base 11) to base 2.
-11
-2 (base 15) to base 11
-2
What is 95 (base 16) in base 7?
302
-11 (base 2) to base 7
-3
-1003 (base 5) to base 14
-92
Convert 103 (base 4) to base 11.
18
What is -4 (base 11) in base 2?
-100
What is 2021 (base 4) in base 11?
115
Convert -5 (base 6) to base 4.
-11
-55 (base 13) to base 6
-154
-3 (base 5) to base 3
-10
Convert -74 (base 9) to base 8.
-103
-34 (base 5) to base 15
-14
2332 (base 4) to base 10
190
Convert -2 (base 13) to base 8.
-2
What is 229 (base 13) in base 11?
30a
-2 (base 14) to base 7
-2
-180 (base 9) to base 3
-12200
What is 1 (base 6) in base 11?
1
Convert 7 (base 16) to base 11.
7
Convert 2 (base 7) to base 6.
2
-401 (base 5) to base 4
-1211
Convert -8 (base 16) to base 3.
-22
-52 (base 6) to base 10
-32
Convert -8 (base 9) to base 13.
-8
Convert 1010 (base 2) to base 11.
a
Convert 222 (base 3) to base 12.
22
What is -5 (base 13) in base 12?
-5
What is a5 (base 15) in base 3?
12202
-10 (base 4) to base 11
-4
Convert -10001 (base 2) to base 10.
-17
Convert 1c (base 14) to base 3.
222
What is 1c (base 14) in base 12?
22
What is -2 (base 13) in base 5?
-2
3013 (base 4) to base 5
1244
-5 (base 11) to base 14
-5
22 (base 15) to base 13
26
Convert 1 (base 2) to base 7.
1
41 (base 6) to base 16
19
0 (base 4) to base 16
0
Convert -97 (base 14) to base 13.
-a3
What is -2 (base 8) in base 11?
-2
4 (base 5) to base 11
4
What is 3 (base 12) in base 14?
3
What is -1001 (base 2) in base 7?
-12
Convert -5 (base 9) to base 10.
-5
3 (base 10) to base 14
3
0 (base 10) to base 3
0
-224 (base 5) to base 2
-1000000
What is 22 (base 3) in base 2?
1000
What is -31 (base 5) in base 15?
-11
6 (base 13) to base 5
11
Convert 21 (base 6) to base 12.
11
1011 (base 2) to base 5
21
What is -15 (base 13) in base 14?
-14
What is 1110 (base 2) in base 14?
10
What is -1 (base 9) in base 10?
-1
220 (base 12) to base 10
312
What is -37 (base 10) in base 6?
-101
What is 22 (base 7) in base 11?
15
What is 232 (base 5) in base 3?
2111
What is -10010 (base 2) in base 16?
-12
1 (base 16) to base 5
1
Convert -4 (base 5) to base 16.
-4
-2 (base 11) to base 9
-2
4 (base 12) to base 13
4
What is 3 (base 8) in base 11?
3
What is 1 (base 2) in base 13?
1
-1032 (base 4) to base 3
-2220
What is 5d (base 14) in base 11?
76
What is -2 (base 11) in base 7?
-2
What is -4 (base 6) in base 10?
-4
What is 22 (base 3) in base 16?
8
What is 0 (base 5) in base 15?
0
Convert 283 (base 9) to base 10.
237
Convert 2 (base 5) to base 16.
2
What is 2 (base 9) in base 13?
2
Convert -3 (base 12) to base 7.
-3
What is 1101 (base 4) in base 13?
63
Convert -10 (base 4) to base 5.
-4
24 (base 16) to base 6
100
Convert -3 (base 9) to base 14.
-3
Convert 2 (base 7) to base 15.
2
Convert 16 (base 13) to base 14.
15
2 (base 4) to base 12
2
7 (base 12) to base 14
7
-2122 (base 3) to base 13
-56
Convert 2 (base 6) to base 10.
2
-311 (base 4) to base 8
-65
What is 25 (base 16) in base 14?
29
-46 (base 10) to base 14
-34
Convert 127 (base 9) to base 15.
71
66 (base 12) to base 13
60
45 (base 6) to base 16
1d
-11 (base 5) to base 8
-6
What is -113 (base 15) in base 11?
-201
What is 53 (base 16) in base 5?
313
-80 (base 9) to base 16
-48
Convert 7 (base 9) to base 3.
21
Convert -34 (base 11) to base 15.
-27
Convert 4 (base 7) to base 9.
4
-10 (base 13) to base 4
-31
What is -1100001 (base 2) in base 8?
-141
5 (base 12) to base 13
5
-1102 (base 3) to base 11
-35
What is 1 (base 2) in base 15?
1
Convert -1f (base 16) to base 2.
-11111
-88 (base 12) to base 10
-104
0 (base 5) to base 10
0
Convert -11101 (base 2) to base 10.
-29
134 (base 7) to base 14
54
Convert 10 (base 8) to base 10.
8
What is -226 (base 7) in base 15?
-7d
What is 62 (base 7) in base 4?
230
Convert 86 (base 15) to base 7.
240
Convert -102211 (base 3) to base 16.
-13f
Convert -1 (base 10) to base 15.
-1
What is 1233 (base 4) in base 8?
157
What is 11 (base 8) in base 3?
100
Convert 101 (base 2) to base 15.
5
Convert -1001 (base 3) to base 16.
-1c
What is 11110001 (base 2) in base 8?
361
Convert -132 (base 12) to base 4.
-2312
What is da (base 14) in base 10?
192
29 (base 15) to base 4
213
Convert -3 (base 15) to base 4.
-3
101 (base 4) to base 16
11
Convert -23 (base 16) to base 12.
-2b
What is 19 (base 13) in base 16?
16
2 (base 7) to base 12
2
-1 (base 11) to base 4
-1
261 (base 11) to base 4
10311
What is -25 (base 8) in base 15?
-16
10011010 (base 2) to base 5
1104
Convert 7 (base 14) to base 4.
13
What is -9a (base 13) in base 4?
-1333
4 (base 10) to base 8
4
What is -7 (base 16) in base 4?
-13
Convert 75 (base 12) to base 14.
65
Convert 48 (base 11) to base 16.
34
-4f (base 16) to base 5
-304
Convert -17 (base 14) to base 2.
-10101
-20 (base 4) to base 14
-8
What is 3 (base 13) in base 4?
3
What is 2 (base 13) in base 10?
2
5 (base 13) to base 11
5
Convert 14 (base 14) to base 3.
200
Convert 10 (base 11) to base 4.
23
-14 (base 5) to base 12
-9
-1010 (base 4) to base 12
-58
0 (base 8) to base 3
0
What is -1011001 (base 2) in base 13?
-6b
1b2 (base 12) to base 6
1142
22 (base 13) to base 3
1001
What is 2 (base 16) in base 11?
2
-4 (base 11) to base 2
-100
What is 9 (base 13) in base 15?
9
Convert 34 (base 10) to base 6.
54
What is -101211 (base 3) in base 4?
-10210
Convert -2a (base 13) to base 3.
-1100
-10010101 (base 2) to base 11
-126
Convert -92 (base 14) to base 15.
-88
Convert 163 (base 7) to base 8.
136
What is -103 (base 6) in base 10?
-39
Convert -1021 (base 3) to base 9.
-37
11 (base 2) to base 8
3
31 (base 4) to base 14
d
10 (base 5) to base 12
5
Convert 455 (base 6) to base 5.
1204
What is -122 (base 8) in base 11?
-75
What is 4 (base 16) in base 7?
4
What is 125 (base 8) in base 4?
1111
Convert -2 (base 7) to base 10.
-2
-200 (base 7) to base 9
-118
Convert 101010 (base 2) to base 9.
46
-2 (base 14) to base 12
-2
Convert -16 (base 8) to base 12.
-12
Convert -11 (base 16) to base 2.
-10001
Convert -100 (base 2) to base 13.
-4
Convert -1210 (base 3) to base 4.
-300
Convert -7 (base 13) to base 7.
-10
What is 31 (base 8) in base 12?
21
What is -3a (base 12) in base 3?
-1201
What is -3 (base 10) in base 11?
-3
What is 12 (base 12) in base 14?
10
Convert -2 (base 4) to base 10.
-2
1b (base 13) to base 10
24
Convert -11 (base 11) to base 12.
-10
Convert 24 (base 8) to base 13.
17
20221 (base 3) to base 1